 is divided by d?
9
Suppose -3*j - 31 = 2. Let c(u) be the third derivative of -u**5/60 - 7*u**4/12 + u**3 - 28*u**2. What is the remainder when 75 is divided by c(j)?
36
Let l(o) = 809*o**2 - 66*o + 20. Calculate the remainder when l(-2) is divided by 161.
7
Let z(s) be the third derivative of -17*s**4/24 + 23*s**3/6 - 2*s**2 + 15*s. Calculate the remainder when z(-7) is divided by 25.
17
Suppose 8*u = 667 + 261. Let w = u - 49. Suppose 0 = k - 10 - 7. What is the remainder when w is divided by k?
16
Suppose g - 31 = -0*g + 4*j, 4*g = 2*j + 68. Calculate the remainder when (g/25 - 9/(-10))*178 is divided by 45.
42
Calculate the remainder when 1205 is divided by 12 + (57 - 33) + (-6)/2.
17
Let g = 1099 + -782. Calculate the remainder when g/3*(-6)/8*-4 is divided by 29.
27
Suppose -39 = -5*j + 61. Suppose 16*a + 54 = 8*s + 18*a, s + 3 = 3*a. What is the remainder when j is divided by s?
2
Suppose 11*t - 3*z - 44 = 10*t, 24 = t + z. Calculate the remainder when 169 is divided by t.
24
Suppose -69*k + 60 = -66*k + 2*y, 4*k - 2*y = 94. Let v be 2/(-4)*(2 + 2). What is the remainder when (-130)/v - (-1 + 2) is divided by k?
20
Suppose 53 = 8*i + 8 - 219. Calculate the remainder when 582 is divided by i.
21
Let m(w) = 25*w + 1. Suppose -3*u - 4*c + 169 = 0, -361*c + 192 = 4*u - 364*c. Calculate the remainder when m(4) is divided by u.
50
Suppose 2*g = g + 166. Suppose 4*q = 4*b + 92, 0*q = q + 2*b - 35. Suppose 14*y + q = h + 9*y, 213 = 5*h + y. What is the remainder when g is divided by h?
40
Suppose 3*l = 58 + 209. Suppose 37 = 6*b - l. Suppose -4*n = -0*n - 24. Calculate the remainder when b is divided by n.
3
Let q = -101 - -84. What is the remainder when (-1)/(90/46 - 2) is divided by 2 - (3 + q) - 2?
9
Let d(h) = 2*h - 10. Let n be d(7). Suppose n*z + 8 = -24. Calculate the remainder when 53 is divided by 12/(-1*12/z).
5
Suppose -52*o = -26*o - 29*o. Let k = o + 20. Suppose -3*m + 144 = m. Calculate the remainder when m is divided by k.
16
Let k be (1 + 6 + 3/3)/1. Let f = -83 + 151. Let h = f - k. Calculate the remainder when h is divided by 32.
28
Let b = 200 + -194. Suppose -55*u - b = -57*u. What is the remainder when u is divided by 0 - (-5 + 3 + 1)?
0
Let a = -297 - -476. Let y(b) = 42*b - 76. Let v be y(3). Suppose 0 = -v*t + 57*t - 315. What is the remainder when a is divided by t?
44
Suppose -5*z = -5, -2*j + 0*j - 4*z + 158 = 0. What is the remainder when 203 is divided by j?
49
Let o = 3598 - 3474. What is the remainder when 1115 is divided by o?
123
Suppose 342*q - 7850 + 7166 = 0. Suppose 0 = -4*z + 22 - 2. Suppose 9 = 3*v - 2*n, -v - z*n - 12 = -5*v. What is the remainder when v is divided by q?
1
Let c = -20192 - -20203. Calculate the remainder when 45 is divided by c.
1
What is the remainder when 329 is divided by (40/5 + (-928)/24)*42/(-4)?
7
Let m = -8 - 5. Let w(a) = 3*a**2 - a**2 + 15*a - a**2 + a**2 - 9. What is the remainder when w(m) is divided by 17?
15
Let v(k) = -3*k**2 - 58*k - 81. Let y(i) = i**2 - 2. Let q(c) = -v(c) - y(c). What is the remainder when q(-30) is divided by 8?
7
Suppose -4*x - 373 = 1043. Let q be (-8)/((-80)/x) - 2/(-5). Let n = q + 48. Calculate the remainder when n is divided by 8.
5
Let d(h) = -25*h**3 - 2*h - 13. Let l(f) = -51*f**3 - 2*f**2 - 5*f - 27. Let m(w) = -5*d(w) + 2*l(w). Calculate the remainder when m(4) is divided by 71.
70
Suppose -75 = 8*k - 7*k. Let m = 124 + k. Calculate the remainder when 238 is divided by m.
42
Let c(d) = 2*d**3 + d**2 - 5*d + 5. Suppose -i + 52 = -5*p, 15*i = 19*i - 3*p - 72. What is the remainder when c(4) is divided by i?
9
Suppose 2*j + 18 = f + 4*j, 99 = 5*f + j. Suppose -2*a = -4, n + 32 = -3*n + 2*a. Let y = 0 - n. What is the remainder when f is divided by y?
6
Let s(x) = -216*x - 18. Suppose 9*v = -44 + 35. Calculate the remainder when s(v) is divided by 40.
38
Let s(h) = 8*h**2 - 3*h - 4 - 4*h + h**3 + h**2 + 1. Let q be s(6). Suppose 16*f - 31*f + q = 0. What is the remainder when f is divided by 14?
5
Suppose 0 = -4*n + 5*p + 16, 91*p = -3*n + 86*p + 47. Suppose 3*w = -2*v - 0*v + 53, 4*w = 3*v - 37. Calculate the remainder when v is divided by n.
1
Let c = 263360 + -263323. What is the remainder when 125/(1*(1 - 0)) is divided by c?
14
Suppose 10*c = 16*c - 66. Suppose c*v = 8*v + 9. Suppose -s + 4*s - 54 = -v*h, h + 114 = 5*s. Calculate the remainder when s is divided by 14.
8
Let f(v) = 130*v - 171. What is the remainder when 240 is divided by f(2)?
62
Suppose 135*d - 2890 = 50*d. What is the remainder when 303 is divided by d?
31
Let w(g) = -92*g - 2452. What is the remainder when 108 is divided by w(-27)?
12
Let v = 354 - 353. What is the remainder when ((-3)/(-2))/v - (-1155)/10 is divided by 51?
15
Suppose -28*o - 1507 = -1351 - 3012. What is the remainder when o is divided by (-93)/(-7) + (-6)/21?
11
Let o(w) = -w**3 + 12*w**2 - 5*w - 19. What is the remainder when o(11) is divided by 15/18*(-6)/(-15) - 176/(-12)?
2
Calculate the remainder when 400 is divided by (-2)/16*6 + (-38220)/(-208).
34
Calculate the remainder when 983/(-13 + (11 - -3)) is divided by 981.
2
Suppose -o = 4*o - 1795. Let b = -4399 - -4444. Calculate the remainder when o is divided by b.
44
What is the remainder when 5793 is divided by ((-52)/(-7))/((-2208)/(-3864))?
8
Suppose -16*r + 1 = -1151. Let v = 15 + r. What is the remainder when v is divided by 7?
3
Let f = 1654 + -1509. What is the remainder when f is divided by 51?
43
Suppose 15*i - 696 = 2004. Let q = i + -159. Suppose 235 = 3*z - 5. Calculate the remainder when z is divided by q.
17
Let r(a) = 3 - 1 + 2*a**2 + 4*a**2 - a. Let d be (-1)/(-5)*-2 + 4726/1390. Calculate the remainder when r(d) is divided by 27.
26
Suppose 0 = 2*l + l + 4*i + 1356, 0 = -4*l - 2*i - 1808. Let o = -383 - l. What is the remainder when o is divided by 24?
21
Suppose -17887 = -4*s + x, 2*x - 12813 = -4*s + 5065. Calculate the remainder when s is divided by 21.
19
Suppose -o + 3*n = -22, -2*n + 27 = 3*o - 2*o. Suppose 0 = 7*b - 2*b - o. Calculate the remainder when b/(35/624) - 14/98 is divided by 15.
14
Suppose 5*n + 1226 = 4*h, -3*h - 4*n + 600 = -h. Calculate the remainder when h is divided by 2084/4689 - (2/12)/((-3)/298).
15
Let t(a) = 3*a**2 - 2*a - 3. Let y = -48 + 64. Suppose -y = -3*q + q. What is the remainder when t(4) is divided by q?
5
Let q = 286 - 283. Suppose 3*w = -q, 4*w - 7*w = 5*b - 7. Calculate the remainder when 2 is divided by b.
0
Suppose -1710 = -39*a - 58*a + 2*a. Let p = -21 - -53. Suppose 0 = 34*d - p*d - a. What is the remainder when 53 is divided by d?
8
Let q = -171 - -320. What is the remainder when q is divided by -3*(164/(-12) - -1)?
35
Suppose -246*w - 14 = -998. What is the remainder when 68 is divided by w?
0
Suppose 5*m + 2*y - 222 = 0, 19*y = 5*m + 17*y - 198. What is the remainder when 197 is divided by m?
29
Suppose 4*a - 9*a + 587 = 2*s, -2*a + 218 = 5*s. Calculate the remainder when 1186 is divided by a.
115
Suppose z - 37 = 17*o - 13*o, 4*o = 3*z - 95. Calculate the remainder when 142 is divided by z.
26
Let i = -7098 + 7198. What is the remainder when 895 is divided by i?
95
Let d = 19195 - 19189. What is the remainder when 4264 is divided by d?
4
Suppose 11*w - 37*w + 13*w = -10530. Calculate the remainder when w is divided by 61.
17
Let z = -3877 + 3981. Calculate the remainder when z is divided by 42.
20
Let r = 51 + -47. Suppose d - k = -3*d - 911, 4*d + r*k + 896 = 0. Let m = d + 424. What is the remainder when m is divided by 50?
47
Let d = 128 - 123. Let p(f) = 2 + 5*f - f**3 - 5 - d*f**2 - 7*f - 2*f. What is the remainder when 65 is divided by p(-5)?
14
Let p = -145 + 259. Let j = p + -78. Calculate the remainder when 141 is divided by j.
33
Let j(t) = 2334*t - 6939. What is the remainder when j(8) is divided by 6?
3
Let r = 19658 + -18784. What is the remainder when r is divided by 40?
34
What is the remainder when 1785 is divided by (-2 + 1 - -1) + (-57)/(-69)*23?
18
Suppose -5*r - 98*j = -111*j - 1538, 1529 = 5*r - 4*j. What is the remainder when r is divided by 51?
50
Suppose 4*a = -4*x + 56, 5*x - 102 = 4*a + 4. Suppose x*j = 14*j + 3*d + 1065, 5*j = d + 1334. What is the remainder when j is divided by 68?
63
Suppose 305 = 21*v - 16*v - 4*q, -2*q = -2*v + 122. What is the 